
19
Calculate the greatest common divisor of 2707770 and 624.
78
Calculate the greatest common divisor of 199810 and 6032.
754
Calculate the highest common factor of 296057 and 3151.
137
Calculate the highest common divisor of 114 and 391932.
114
What is the greatest common divisor of 109 and 301603?
109
What is the highest common divisor of 64 and 4232?
8
Calculate the highest common factor of 1405 and 410.
5
What is the highest common divisor of 63 and 2491623?
9
Calculate the greatest common factor of 23427 and 1096.
137
Calculate the greatest common factor of 2892 and 300.
12
What is the greatest common divisor of 107387 and 2639?
203
Calculate the greatest common factor of 239368 and 256.
8
What is the greatest common divisor of 109384 and 132?
44
Calculate the greatest common divisor of 402878 and 245.
49
Calculate the greatest common divisor of 351 and 728.
13
Calculate the highest common divisor of 1118 and 1247.
43
Calculate the highest common divisor of 328 and 282449.
41
Calculate the highest common divisor of 142 and 41677.
71
Calculate the highest common divisor of 11285 and 1281.
61
What is the highest common divisor of 21 and 1660155?
21
Calculate the greatest common factor of 76960 and 2294.
74
What is the greatest common factor of 985974 and 66?
66
What is the highest common factor of 216030 and 135?
15
What is the greatest common divisor of 8679 and 57597?
789
What is the highest common factor of 76510 and 140?
70
Calculate the highest common divisor of 4382 and 28.
14
What is the greatest common divisor of 2268 and 8586?
162
What is the greatest common factor of 152 and 1957?
19
Calculate the highest common divisor of 573135 and 570.
285
What is the greatest common divisor of 18 and 10399041?
9
What is the highest common divisor of 459 and 67201?
17
What is the highest common factor of 12315 and 330?
15
Calculate the greatest common divisor of 531 and 3123.
9
Calculate the highest common factor of 1159 and 76.
19
What is the greatest common divisor of 1928 and 158819?
241
Calculate the highest common divisor of 68195 and 3680.
115
Calculate the highest common divisor of 36822 and 589.
19
What is the greatest common factor of 173325 and 75?
75
Calculate the highest common divisor of 65 and 31915.
65
Calculate the greatest common divisor of 1261 and 6981.
13
Calculate the highest common factor of 173067 and 15.
3
Calculate the greatest common divisor of 332586 and 162.
162
Calculate the greatest common factor of 516 and 226868.
172
What is the greatest common divisor of 26 and 2010892?
26
What is the greatest common factor of 1 and 57991?
1
What is the highest common divisor of 805 and 3836?
7
What is the greatest common factor of 4722 and 24?
6
What is the highest common factor of 1251 and 31553?
139
What is the highest common factor of 688772 and 1904?
476
Calculate the highest common factor of 53292 and 84.
12
Calculate the highest common divisor of 23732 and 68.
68
What is the greatest common factor of 21025 and 10933?
841
What is the highest common divisor of 158848 and 98039?
1241
Calculate the greatest common divisor of 517 and 737.
11
What is the highest common factor of 12 and 26541?
3
What is the highest common factor of 632 and 164636?
316
Calculate the greatest common divisor of 2498683 and 11.
11
Calculate the greatest common factor of 6031 and 5542.
163
What is the greatest common divisor of 555 and 5927955?
555
Calculate the highest common factor of 59640 and 1176.
168
Calculate the greatest common factor of 35 and 319900.
35
Calculate the highest common factor of 207 and 2493.
9
What is the greatest common factor of 1179 and 2169?
9
What is the highest common divisor of 88 and 46222?
22
Calculate the highest common divisor of 123 and 239809.
41
Calculate the greatest common divisor of 4831338 and 6.
6
Calculate the highest common divisor of 9854 and 52.
26
What is the highest common divisor of 678 and 177?
3
What is the highest common factor of 322 and 47173?
161
Calculate the greatest common factor of 18 and 30606.
6
What is the greatest common divisor of 2275 and 47801?
13
Calculate the highest common factor of 5566 and 7018.
242
What is the greatest common factor of 23488 and 192?
64
What is the greatest common divisor of 415497 and 51?
51
What is the highest common factor of 28384 and 496?
16
What is the highest common divisor of 35 and 30455?
5
Calculate the highest common divisor of 441 and 19944.
9
What is the highest common factor of 398 and 416905?
199
Calculate the greatest common factor of 4658 and 3425.
137
What is the greatest common divisor of 52 and 11986?
26
Calculate the highest common divisor of 300664 and 520.
104
What is the highest common factor of 110908 and 14?
14
What is the highest common divisor of 246 and 1631554?
82
Calculate the highest common factor of 42 and 446460.
42
Calculate the highest common divisor of 504 and 13734.
126
What is the greatest common divisor of 732 and 25864?
244
Calculate the greatest common factor of 5129 and 161.
23
Calculate the highest common divisor of 600 and 53490.
30
What is the greatest common divisor of 13823 and 92?
23
What is the greatest common divisor of 29 and 1548629?
29
What is the greatest common factor of 293 and 6496103?
293
What is the highest common factor of 48 and 1596?
12
Calculate the greatest common divisor of 609 and 133197.
87
Calculate the highest common factor of 4840 and 13805.
55
Calculate the highest common factor of 3377056 and 112.
16
What is the greatest common divisor of 38952 and 2232?
72
What is the highest common divisor of 50 and 669950?
50
What is the highest common factor of 588591 and 765?
153
Calculate the highest common divisor of 108 and 96147.
27
Calculate the highest common divisor of 52 and 111332.
52
What is the greatest common divisor of 1270965 and 15?
15
What is the greatest common factor of 2916 and 848?
4
What is the greatest common divisor of 75716 and 4462?
46
Calculate the greatest common factor of 46904 and 1430.
286
What is the greatest common divisor of 1 and 107213?
1
Calculate the greatest common factor of 297 and 1529.
11
Calculate the highest common divisor of 18 and 36891.
9
What is the greatest common divisor of 8476 and 4212?
52
Calculate the greatest common factor of 96 and 25962.
6
Calculate the highest common divisor of 5 and 29395.
5
What is the greatest common divisor of 1765650 and 2682?
894
What is the greatest common divisor of 291 and 11543?
97
Calculate the highest common factor of 145 and 12.
1
What is the highest common divisor of 20038 and 1864?
466
Calculate the highest common factor of 6579 and 612.
153
What is the highest common divisor of 2189 and 3781?
199
Calculate the greatest common divisor of 14435 and 320.
5
Calculate the highest common divisor of 96 and 106488.
24
Calculate the highest common divisor of 8 and 106520.
8
Calculate the greatest common divisor of 403271 and 28853.
671
What is the highest common divisor of 1539 and 31509?
81
Calculate the greatest common divisor of 1551 and 118173.
33
Calculate the highest common factor of 27317 and 5093.
463
Calculate the highest common factor of 870607 and 149.
149
Calculate the greatest common divisor of 84 and 108222.
6
What is the highest common factor of 96 and 7852896?
96
What is the highest common divisor of 387 and 19307?
43
What is the greatest common factor of 656523 and 34?
17
Calculate the highest common divisor of 16084 and 11.
1
What is the highest common factor of 854658 and 1596?
798
Calculate the greatest common divisor of 4674 and 7872.
246
What is the greatest common divisor of 5328 and 107152?
592
What is the highest common factor of 425636 and 388?
388
Calculate the highest common factor of 744 and 51708.
372
Calculate the greatest common divisor of 842382 and 5724.
954
Calculate the highest common divisor of 882 and 190926.
18
Calculate the greatest common divisor of 1428 and 35972.
68
Calculate the highest common factor of 50 and 269890.
10
What is the highest common factor of 581943 and 1653?
87
Calculate the greatest common divisor of 13374 and 2286.
18
What is the greatest common divisor of 1233160 and 30?
10
What is the greatest common divisor of 207 and 17694?
9
Calculate the highest comm